93*h - 301. Let c be x(-14). Suppose 2*z - 484 = o + 475, 0 = -5*z - o + c. What are the prime factors of z?
2, 3, 5
Suppose h - 6*h + 8595 = 2*c, c - 1722 = -h. Let k = 16 - 8. Suppose h - 245 = k*m. What are the prime factors of m?
2, 23
Let m(c) = 3*c**2 - c + 373*c**3 + 10 - 9 - 2. List the prime factors of m(1).
2, 11, 17
Suppose 0 = -42*g - 160145 - 149899. What are the prime factors of g/(-14) + 74/(-259)?
17, 31
Suppose a - 125 = 3*d, d - 121 = 4*d - 2*a. Let t = d + 43. Suppose 8 = -q - 4*m - t, 0 = -3*m - 9. List the prime factors of q.
2
Let a be (-17 - 1)/(8 + -10). Suppose q + 8 = -2*o, 5*o + a = -q - 11. Suppose q = 10*j - 292 - 188. List the prime factors of j.
2, 3
Let a(f) = 4*f - 3. Let z be a(1). Let i be 1*(-57)/(-3) + (1 - z). Suppose -2*v + 9 = -i. List the prime factors of v.
2, 7
Suppose -2*g - g = 5*x - 1476, x + 2*g - 298 = 0. Suppose -4*t = -3*w + 375, x = -3*t - 3*w + w. Let q = t + 136. List the prime factors of q.
2, 5
What are the prime factors of (-57 + 51)*(-10086)/9?
2, 41
Let r(g) = g + 13. Let q be r(-14). Let d(u) = u**2 - u - 1. Let b(h) = -2*h**2 + 8*h - 7. Let n(p) = q*b(p) - d(p). What are the prime factors of n(-8)?
2
Let k(g) = -21*g**3 - 19*g**3 + 6*g**2 + 13*g + 3*g**2 + 2 + 39*g**3. Let u be 3*(0 - 3)*-1. What are the prime factors of k(u)?
7, 17
Suppose -5*s = -2*d, -s = d + 3 - 10. Suppose -16 = s*b - 20. Suppose -4*u = 4*j - 560, b*j - j - 569 = -4*u. What are the prime factors of u?
11, 13
Let a(o) = -4*o - 19. Let v be -3 + 3 + -5 - (-2 - -3). Let z be a(v). Suppose -3*s - 597 = -5*n, 0 = z*n - 4*s - 609 + 8. What are the prime factors of n?
3, 13
Suppose -s - 5*x + 9 = -2, -3*x = -s + 11. Suppose 5*y - 35 = -5*c, 2*c + y - s = -2. Suppose 2184 = c*w + 12*w. What are the prime factors of w?
2, 3, 13
Let w = -314 - -757. Let m = 1611 - w. What are the prime factors of m?
2, 73
Suppose -5*y - p + 31803 = 0, 8 = -3*p + 2. What are the prime factors of y?
6361
Suppose 4306 - 11693 - 10471 = -2*r. What are the prime factors of r?
8929
Let s(w) = 41*w**2 - 8*w + 3. Let k be s(1). Let p = -3 + 36. Let y = k + p. List the prime factors of y.
3, 23
Let h(s) = -10*s + 17. Suppose -3*o = 0, o - 4*o - 20 = -5*r. Let m(x) = 9*x - 17. Let i(p) = r*h(p) + 5*m(p). List the prime factors of i(14).
53
Let i(s) = -14*s + 33. Let r(n) = n - 2. Let j(h) = -4*i(h) - 4*r(h). List the prime factors of j(10).
2, 3, 11
Let b = 4686 + -1384. What are the prime factors of b?
2, 13, 127
Let h = 8 + -6. Suppose j - l + 15 = 3*l, -h*l + 8 = 0. List the prime factors of j/4 - 214/(-8).
3
Let x(b) be the second derivative of 17*b**4/12 - 11*b**2/2 - 47*b - 2. What are the prime factors of x(4)?
3, 29
Suppose -5*j + 41518 = 2*n, 0 = -7*j + 935*n - 936*n + 58136. List the prime factors of j.
2, 4153
Let l(v) = v**2 + 11*v + 18. Let t be l(-2). Suppose -2*b + 420 + 172 = t. What are the prime factors of b?
2, 37
Suppose -10*s + 26*s - 3136 = 0. Let l = -38 + s. List the prime factors of l.
2, 79
Let q(p) = 17 + 7*p - 3*p - 5*p. Let x = 558 + -543. What are the prime factors of q(x)?
2
Let c(r) = -r**3 + 5*r**2 + 7*r + 7. Let s be c(7). Let d be ((-105)/s)/(((-2)/(-72))/1). Suppose -4*u + 70 = -d. What are the prime factors of u?
2, 5
Suppose -2*v + 5*z + 53 = 0, 4*z + 32 = v + 4. List the prime factors of (((-810)/v)/15)/(6/(-4072)).
3, 509
Let d be (-1)/(-2) + (-245)/10. Let x be 6/(-5) + 10608/240. Let b = x + d. What are the prime factors of b?
19
Let q(k) = 20*k**2 + 431*k - 7482. What are the prime factors of q(17)?
3, 5
Suppose 11*t + 6*t - 18037 = 0. Let j = t + -638. What are the prime factors of j?
3, 47
Suppose 385*v = 387*v - 42938. List the prime factors of v.
7, 3067
Let m(s) be the third derivative of -1/12*s**4 + 25/6*s**3 + 0*s + 0 - 1/120*s**6 - 7/30*s**5 - 10*s**2. List the prime factors of m(-14).
53
Suppose 3*y + 2356 = 4*y - 2*m, 2*y + 2*m - 4700 = 0. Suppose -4*x = 5*j - y, -j - x = -5*j + 1869. What are the prime factors of j?
2, 3, 13
Let b(g) = -87*g**3 + g - 2. Let x(v) = 2*v - 17. Let z be x(9). Let o be b(z). List the prime factors of 24/16*o/(-6).
2, 11
Let k = 1441 + -90. Suppose o = -401 + k. List the prime factors of o.
2, 5, 19
Let y = 40 - 33. Suppose 0 = -y*n + 1340 + 4743. What are the prime factors of n?
11, 79
Let t(v) = -2*v**2 - v + 73. Let a be t(-10). List the prime factors of ((-132)/3)/(18/a).
2, 11, 13
Let x be ((1332/(-30))/(-3))/(1/105). Suppose -x = -7*n + 854. List the prime factors of n.
2, 43
Let o(g) be the third derivative of 7*g**4/24 - 41*g**3/3 + g**2 + 42*g. What are the prime factors of o(16)?
2, 3, 5
Suppose 4*x = -4*v + 10408, 2*v = 4*x - 1597 + 6795. What are the prime factors of v?
3, 17
Let v be (-1 - -1)/(15/(-10)*2). What are the prime factors of 29/(1/11 + v)?
11, 29
Let t(p) = -5*p**3 - 23*p**2 + 25*p - 232. List the prime factors of t(-17).
41, 421
Let f(j) = -63 - 15*j - 7*j - 3*j. List the prime factors of f(-19).
2, 103
Suppose 0 = -0*i - 25*i. Suppose i = -140*k + 150*k - 2240. List the prime factors of k.
2, 7
Let a = -171 + 199. What are the prime factors of 1548*(-10)/(-28) - (-4)/a?
7, 79
Let n(w) = -5*w + 115. Let l be n(23). Suppose l = 61*y - 16*y - 52020. What are the prime factors of y?
2, 17
Suppose 0*g + g = 4*r - 489, -3*r + 373 = -2*g. Suppose -7*l = r + 1839. Let p = l - -405. What are the prime factors of p?
5
What are the prime factors of 2 - 4 - 70*(-4 - 2)?
2, 11, 19
Let h(j) be the first derivative of 178*j**3/3 + 3*j**2/2 + 9*j - 121. What are the prime factors of h(-2)?
5, 11, 13
Let r be 153 + (1/3)/((-6)/18). Suppose 3*x - r = -4*w + 833, -4*x - 520 = -2*w. List the prime factors of w.
2, 5
Let s = -12 + 17. Let d(j) = -15*j - 16. Let r(c) = -16*c - 17. Let g(n) = -5*d(n) + 4*r(n). What are the prime factors of g(s)?
67
Let w(f) = 6*f**2 - 13*f + 10. Suppose 0 = s + 5*n - 7, -4*s - 17 + 45 = -n. Let v be w(s). Let a = v - 150. List the prime factors of a.
3, 7
List the prime factors of 2/(-1) + 38974 - (-19 + 10 + 9).
2, 9743
Let v(t) = 47*t - 70. Let i(k) = 98*k - 140. Let q(c) = -6*i(c) + 11*v(c). List the prime factors of q(-9).
709
Let p(j) = -188*j + 20. Let l(k) = -1. Let d(a) = -12*l(a) - p(a). What are the prime factors of d(1)?
2, 3, 5
Suppose 8 = -10*r + 12*r. Suppose r*t - 1301 = 699. Suppose p - t = -4*p. List the prime factors of p.
2, 5
Suppose s = 2*v + 2*s - 3289, v - 4*s = 1658. List the prime factors of v.
2, 823
Let i = -37 + 28. Let p be (((-10836)/(-16))/i)/((-1)/(-4)). Let d = 499 + p. List the prime factors of d.
2, 3, 11
Let k be (24/(-18) + 0)/(8/15996). Let c = k + 3803. List the prime factors of c.
3, 379
Let a = 189 - -1164. What are the prime factors of a/82*52/3?
2, 11, 13
Let b(z) = -z**2 + 33*z - 10. Let g be b(10). Let k = -184 + g. What are the prime factors of k?
2, 3
Suppose -32*h = -35*h - 180. Let s be (-105)/h - (-1)/(1 + 3). Suppose -25 = -g + s. List the prime factors of g.
3
Suppose 0 = 2*p - 5*h + 18, 0 = 3*h - 5*h + 4. List the prime factors of 6*(p + 420/4).
2, 3, 101
Suppose -2*d + 4*m = d - 122, -5*m - 25 = 0. Let f = 36 - d. List the prime factors of ((-9)/f)/1*-30.
3, 5
What are the prime factors of (-3 - 630/(-28))*6?
3, 13
Let s be -8*(-3 - (-25)/10). Suppose 8*k + 74 = 6*k + s*i, i + 64 = -2*k. What are the prime factors of 3/2*88/k + 70?
2, 3, 11
List the prime factors of 2 - (-854316)/66 - 2/11.
2, 6473
Let p = 17399 + -14156. List the prime factors of p.
3, 23, 47
Let f be 218 - (2 + (0 - 0)). Suppose 0 = -5*q + p + f, 2*p - 12 + 4 = 0. Suppose -3*h + q = n, 0*h - 5*h = -3*n - 92. List the prime factors of h.
2
Let t = -6604 - -9412. List the prime factors of t.
2, 3, 13
Suppose -4*l + 70 + 1390 = 0. Suppose -y = b + y - 73, 5*b - l = -4*y. Suppose b*d - 72*d - 99 = 0. What are the prime factors of d?
3, 11
Suppose m - 6*m + p - 3 = 0, 4*p + 7 = m. Let k(z) = -2*z**2 + 18*z - 16. Let t(x) = -x**2. Let f(y) = m*k(y) + 3*t(y). What are the prime factors of f(-14)?
2, 3
Let u be (1/9*6)/(2/12). Suppose 0*z + 5*b + 6 = 2*z, -u*b = z - 3. Suppose -11*a + 1664 = -z*a. What are the prime factors of a?
2, 13
Let h(v) = -v**3 - v + 1. Let o be h(0). Let a = 9124 - 9101. Let r = a - o. List the prime factors of r.
2, 11
Suppose -18681 = -5*v + 19034 + 88390. List the prime factors of v.